 {"id":10,"date":"2020-07-03T08:22:32","date_gmt":"2020-07-03T06:22:32","guid":{"rendered":"http:\/\/localhost\/wp\/thondo\/?page_id=10"},"modified":"2022-12-29T11:13:43","modified_gmt":"2022-12-29T10:13:43","slug":"vision","status":"publish","type":"page","link":"https:\/\/www.spatia.it\/ita\/vision\/","title":{"rendered":"Vision"},"content":{"rendered":"<p>[vc_row full_width=&#8221;stretch_row&#8221; content_placement=&#8221;middle&#8221; bg_type=&#8221;image&#8221; parallax_style=&#8221;vcpb-default&#8221; bg_image_new=&#8221;id^665|url^https:\/\/www.spatia.it\/ita\/wp-content\/uploads\/2020\/11\/headerVision2.png|caption^null|alt^null|title^headerVision2|description^null&#8221; bg_image_repeat=&#8221;no-repeat&#8221; css=&#8221;.vc_custom_1614713623045{padding-top: 100px !important;padding-bottom: 120px !important;}&#8221;][vc_column width=&#8221;2\/3&#8243;][vc_custom_heading text=&#8221;Il valore dei <b>tuoi spazi<\/b>&#8221; font_container=&#8221;tag:h2|text_align:left|color:%23ffffff&#8221; use_theme_fonts=&#8221;yes&#8221;][vc_column_text css_animation=&#8221;fadeInUp&#8221; el_class=&#8221;overlay-content&#8221;]<em style=\"color: #fff; font-size: 25px;\">&#8220;Le persone tendono ad essere pi\u00f9 felici e pi\u00f9 produttive quando sono in grado di convincere gli altri a vederli come loro vedono se stessi&#8221;<\/em>.[\/vc_column_text][\/vc_column][vc_column width=&#8221;1\/3&#8243;][\/vc_column][\/vc_row][vc_row bg_type=&#8221;image&#8221; parallax_style=&#8221;vcpb-default&#8221; bg_image_new=&#8221;id^1330|url^https:\/\/www.spatia.it\/ita\/wp-content\/uploads\/2021\/03\/head.png|caption^null|alt^null|title^head|description^null&#8221; bg_image_repeat=&#8221;no-repeat&#8221; css=&#8221;.vc_custom_1614718202514{margin-top: -50px !important;}&#8221;][vc_column][vc_row_inner content_placement=&#8221;middle&#8221;][vc_column_inner width=&#8221;1\/2&#8243;][vc_single_image image=&#8221;1376&#8243; img_size=&#8221;500X677&#8243; alignment=&#8221;right&#8221; css_animation=&#8221;fadeInLeft&#8221;][\/vc_column_inner][vc_column_inner width=&#8221;1\/2&#8243;][vc_custom_heading text=&#8221;SPATIA RACCONTA<br \/>\n<b>LA TUA STORIA<\/b>&#8221; use_theme_fonts=&#8221;yes&#8221; el_class=&#8221;issue-flag&#8221; css=&#8221;.vc_custom_1614714044626{margin-bottom: 25px !important;}&#8221;][vc_column_text css_animation=&#8221;fadeInUp&#8221; css=&#8221;.vc_custom_1614720402209{margin-top: 10px !important;}&#8221;]Le cose che possediamo, che desideriamo e acquistiamo sono strettamente legate alla nostra identit\u00e0. <strong>Le scegliamo per dire al mondo chi siamo<\/strong>.<\/p>\n<p>Nel mostrare le nostre personalit\u00e0 attraverso l\u2019abbigliamento o l\u2019arredamento, cerchiamo di farci capire per quello che realmente siamo mettendo in luce la <strong>nostra essenza.<\/strong><\/p>\n<p>Anche se non tutto nella casa di una persona ha un significato profondo o una risonanza emotiva, ci\u00f2 che conta realmente \u00e8 che rifletta il proprio essere e stile di vita.[\/vc_column_text]<style type=\"text\/css\" data-type=\"the7_shortcodes-inline-css\">#default-btn-d8814c011386013a461c7321f9ccd5de {\n  border-radius: 1px;\n  font-size: 14px;\n  line-height: 16px;\n}\n.btn-shadow#default-btn-d8814c011386013a461c7321f9ccd5de {\n  box-shadow: 0 1px 6px rgba(0,0,0,0.12);\n  transition: box-shadow 0.2s ease-out, opacity 0.45s;\n}\n.btn-shadow#default-btn-d8814c011386013a461c7321f9ccd5de:hover {\n  box-shadow: 0 5px 11px 0 rgba(0,0,0,0.18), 0 4px 15px 0 rgba(0,0,0,0.15);\n}\n.btn-3d#default-btn-d8814c011386013a461c7321f9ccd5de {\n  box-shadow: 0px 2px 0px 0px #a3a3a3;\n}\n.btn-3d#default-btn-d8814c011386013a461c7321f9ccd5de:hover {\n  box-shadow: 0px 2px 0px 0px #a3a3a3;\n}\n.btn-flat#default-btn-d8814c011386013a461c7321f9ccd5de {\n  box-shadow: none;\n}\n.btn-flat#default-btn-d8814c011386013a461c7321f9ccd5de:hover {\n  box-shadow: none;\n}\n#default-btn-d8814c011386013a461c7321f9ccd5de.ico-right-side > i {\n  margin-right: 0px;\n  margin-left: 8px;\n}\n#default-btn-d8814c011386013a461c7321f9ccd5de > i {\n  margin-right: 8px;\n  font-size: 12px;\n}\n#default-btn-d8814c011386013a461c7321f9ccd5de:not(:hover) {\n  border-width: 0px;\n  background: #cbc3b9 !important;\n  padding: 12px 18px 12px 18px;\n}\n#default-btn-d8814c011386013a461c7321f9ccd5de:hover {\n  border-width: 0px;\n  background: #cbc3b9 !important;\n  padding: 12px 18px 12px 18px;\n}\n#default-btn-d8814c011386013a461c7321f9ccd5de.ico-right-side > i {\n  margin-right: 0px;\n  margin-left: 8px;\n}\n#default-btn-d8814c011386013a461c7321f9ccd5de > i {\n  margin-right: 8px;\n}\n#default-btn-d8814c011386013a461c7321f9ccd5de * {\n  vertical-align: middle;\n}\n<\/style><a href=\"http:\/\/www.spatia.it\/survey-che-spatia-sei\" class=\"default-btn-shortcode dt-btn btn-hover-off link-hover-off ico-right-side btn-inline-left btn-flat \" id=\"default-btn-d8814c011386013a461c7321f9ccd5de\"><span>SCOPRI COSA DICE DI TE IL TUO SPAZIO<\/span><i class=\"Defaults-long-arrow-right\"><\/i><\/a>[vc_empty_space height=&#8221;50px&#8221;][\/vc_column_inner][\/vc_row_inner][\/vc_column][\/vc_row][vc_row full_width=&#8221;stretch_row&#8221; el_class=&#8221;block_2&#8243; css=&#8221;.vc_custom_1614718211205{margin-top: 30px !important;}&#8221;][vc_column width=&#8221;1\/3&#8243;][vc_custom_heading text=&#8221;SEI IL CENTRO<br \/>\n<b>DEL TUO SPAZIO<\/b>&#8221; use_theme_fonts=&#8221;yes&#8221; el_class=&#8221;issue-flag&#8221; css=&#8221;.vc_custom_1614714142995{margin-bottom: 25px !important;}&#8221;][vc_column_text css_animation=&#8221;fadeInUp&#8221;]Per sentirsi in armonia con le persone e con il nostro spazio personale, pu\u00f2 essere utile prendere coscienza del nostro rapporto con l\u2019ambiente circostante ed allenare la sensibilit\u00e0 a riconoscere le nostre esigenze.<\/p>\n<p><strong>La casa parla di noi, ci rappresenta.<\/strong> La scelta di come organizzare il nostro spazio vitale \u00e8 il riflesso delle nostre emozioni, delle nostre caratteristiche e influenza il nostro benessere quotidiano.<\/p>\n<p>SPATIA immagina un mondo in cui le persone siano il<strong> \u201ccentro\u201d<\/strong> della propria casa, con le proprie emozioni ed esigenze. <strong>Aiutiamo le persone ad ascoltare le proprie passioni, i propri desideri e sogni.<\/strong>[\/vc_column_text][\/vc_column][vc_column width=&#8221;2\/3&#8243;][vc_row_inner][vc_column_inner][vc_single_image image=&#8221;2348&#8243; img_size=&#8221;full&#8221; css_animation=&#8221;fadeInRight&#8221;][\/vc_column_inner][\/vc_row_inner][\/vc_column][\/vc_row][vc_row full_width=&#8221;stretch_row&#8221; css=&#8221;.vc_custom_1614716230825{padding-top: 70px !important;padding-bottom: 70px !important;}&#8221; el_class=&#8221;cosa_section&#8221;][vc_column][vc_custom_heading text=&#8221;COSA FA DI UNO SPAZIO<br \/>\n<b>UNO SPATIA?<\/b>&#8221; use_theme_fonts=&#8221;yes&#8221; css=&#8221;.vc_custom_1614764676462{margin-bottom: 25px !important;}&#8221;][vc_row_inner equal_height=&#8221;yes&#8221; content_placement=&#8221;middle&#8221; gap=&#8221;30&#8243;][vc_column_inner width=&#8221;1\/3&#8243; css=&#8221;.vc_custom_1614715963959{background-image: url(https:\/\/www.spatia.it\/ita\/wp-content\/uploads\/2021\/03\/sfondo1.png?id=1352) !important;}&#8221;][vc_custom_heading text=&#8221;Stile Esclusivo&#8221; font_container=&#8221;tag:h3|text_align:left&#8221; use_theme_fonts=&#8221;yes&#8221;][vc_column_text]<\/p>\n<p style=\"text-align: left;\"><strong>Diamo valore ai tuoi spazi<\/strong> con un design <strong>autentico e originale<\/strong>, con complementi d\u2019arredo progettati e realizzati con <strong>passione e dedizione.<\/strong><\/p>\n<p>[\/vc_column_text][\/vc_column_inner][vc_column_inner width=&#8221;1\/3&#8243; css=&#8221;.vc_custom_1614715986673{background-image: url(https:\/\/www.spatia.it\/ita\/wp-content\/uploads\/2021\/03\/sfondo2.png?id=1353) !important;}&#8221;][vc_custom_heading text=&#8221;Lavorazione pregiata&#8221; font_container=&#8221;tag:h3|text_align:left&#8221; use_theme_fonts=&#8221;yes&#8221;][vc_column_text]<\/p>\n<p style=\"text-align: left;\">Uno<strong> SPATIA<\/strong>\u00a0\u00e8 frutto di un percorso alla ricerca non solo di<strong> materiali pregiati<\/strong>, ma di progettazioni raffinate che conferiscono stabilit\u00e0 dimensionale.<\/p>\n<div id=\"gtx-trans\" style=\"position: absolute; left: 10px; top: 29.75px;\">\n<div class=\"gtx-trans-icon\"><\/div>\n<\/div>\n<p>[\/vc_column_text][\/vc_column_inner][vc_column_inner width=&#8221;1\/3&#8243; css=&#8221;.vc_custom_1614716025984{background-image: url(https:\/\/www.spatia.it\/ita\/wp-content\/uploads\/2021\/03\/sfondo3.png?id=1356) !important;}&#8221;][vc_custom_heading text=&#8221;Scelte personalizzate&#8221; font_container=&#8221;tag:h3|text_align:left&#8221; use_theme_fonts=&#8221;yes&#8221;][vc_column_text]<\/p>\n<p style=\"text-align: left;\">La possibilit\u00e0 di scegliere ogni dettaglio ti permetter\u00e0 di <strong>trasmettere te stesso e la tua personalit\u00e0<\/strong> attraverso i complementi d\u2019arredo <strong>SPATIA.<\/strong><\/p>\n<div id=\"gtx-trans\" style=\"position: absolute; left: 358px; top: 96.75px;\">\n<div class=\"gtx-trans-icon\"><\/div>\n<\/div>\n<p>[\/vc_column_text][\/vc_column_inner][\/vc_row_inner][\/vc_column][\/vc_row][vc_row full_width=&#8221;stretch_row_content_no_spaces&#8221; css=&#8221;.vc_custom_1614716084698{margin-top: 0px !important;margin-right: 0px !important;margin-bottom: 0px !important;margin-left: 0px !important;padding-top: 0px !important;padding-right: 0px !important;padding-bottom: 0px !important;padding-left: 0px !important;}&#8221;][vc_column css=&#8221;.vc_custom_1606477952573{padding-top: 0px !important;}&#8221;][vc_column_text css=&#8221;.vc_custom_1616080093440{margin-bottom: 0px !important;}&#8221;] \n\n\t <div class=\"av_video\" style=\"background-image: url(https:\/\/www.spatia.it\/ita\/wp-content\/uploads\/2021\/03\/mixWoodMarble-spatia-2-shape-scaled.jpg);\">\n\t \t<div class=\"m_center  wpb_animate_when_almost_visible wpb_fadeInUp fadeInUp\">\n\t \t\t<h2><strong>ALTA PROFESSIONALIT\u00c0<\/strong><\/h2>\n\t \t    <p>Scopri le caratteristiche dei nostri arredi<\/p>  \n\t \t     <a data-fancybox=\"\" href=\"&lt;https:\/\/vimeo.com\/523807584&gt;&lt;\/iframe&gt;\" title=\"<strong>ALTA PROFESSIONALIT\u00c0<\/strong>\"><img src=\"https:\/\/www.spatia.it\/ita\/wp-content\/themes\/dt-the7-child\/images\/video_icon.png\" alt=\"<strong>ALTA PROFESSIONALIT\u00c0<\/strong>\"><\/a>\n\t \t      \t    \n\t    <\/div>\n\t <\/div>\n\n\n\n\t[\/vc_column_text][\/vc_column][\/vc_row]<\/p>\n","protected":false},"excerpt":{"rendered":"<p>[vc_row full_width=&#8221;stretch_row&#8221; content_placement=&#8221;middle&#8221; bg_type=&#8221;image&#8221; parallax_style=&#8221;vcpb-default&#8221; bg_image_new=&#8221;id^665|url^https:\/\/www.spatia.it\/ita\/wp-content\/uploads\/2020\/11\/headerVision2.png|caption^null|alt^null|title^headerVision2|description^null&#8221; bg_image_repeat=&#8221;no-repeat&#8221; css=&#8221;.vc_custom_1614713623045{padding-top: 100px !important;padding-bottom: 120px !important;}&#8221;][vc_column width=&#8221;2\/3&#8243;][vc_custom_heading text=&#8221;Il valore dei tuoi spazi&#8221; font_container=&#8221;tag:h2|text_align:left|color:%23ffffff&#8221; use_theme_fonts=&#8221;yes&#8221;][vc_column_text css_animation=&#8221;fadeInUp&#8221; el_class=&#8221;overlay-content&#8221;]&#8220;Le persone tendono ad essere pi\u00f9 felici e pi\u00f9 produttive quando sono in grado di convincere gli altri a vederli come loro vedono se stessi&#8221;.[\/vc_column_text][\/vc_column][vc_column width=&#8221;1\/3&#8243;][\/vc_column][\/vc_row][vc_row bg_type=&#8221;image&#8221; parallax_style=&#8221;vcpb-default&#8221; bg_image_new=&#8221;id^1330|url^https:\/\/www.spatia.it\/ita\/wp-content\/uploads\/2021\/03\/head.png|caption^null|alt^null|title^head|description^null&#8221; bg_image_repeat=&#8221;no-repeat&#8221; css=&#8221;.vc_custom_1614718202514{margin-top: -50px !important;}&#8221;][vc_column][vc_row_inner content_placement=&#8221;middle&#8221;][vc_column_inner&hellip;<\/p>\n","protected":false},"author":1,"featured_media":0,"parent":0,"menu_order":0,"comment_status":"closed","ping_status":"closed","template":"","meta":[],"yoast_head":"<!-- This site is optimized with the Yoast SEO plugin v16.0 - https:\/\/yoast.com\/wordpress\/plugins\/seo\/ -->\n<title>Vision - SPATIA<\/title>\n<meta property=\"og:locale\" content=\"it_IT\" \/>\n<meta property=\"og:type\" content=\"article\" \/>\n<meta property=\"og:title\" content=\"Vision - SPATIA\" \/>\n<meta property=\"og:description\" content=\"[vc_row full_width=&#8221;stretch_row&#8221; content_placement=&#8221;middle&#8221; bg_type=&#8221;image&#8221; parallax_style=&#8221;vcpb-default&#8221; bg_image_new=&#8221;id^665|url^https:\/\/www.spatia.it\/ita\/wp-content\/uploads\/2020\/11\/headerVision2.png|caption^null|alt^null|title^headerVision2|description^null&#8221; bg_image_repeat=&#8221;no-repeat&#8221; css=&#8221;.vc_custom_1614713623045{padding-top: 100px !important;padding-bottom: 120px !important;}&#8221;][vc_column width=&#8221;2\/3&#8243;][vc_custom_heading text=&#8221;Il valore dei tuoi spazi&#8221; font_container=&#8221;tag:h2|text_align:left|color:%23ffffff&#8221; use_theme_fonts=&#8221;yes&#8221;][vc_column_text css_animation=&#8221;fadeInUp&#8221; el_class=&#8221;overlay-content&#8221;]&#8220;Le persone tendono ad essere pi\u00f9 felici e pi\u00f9 produttive quando sono in grado di convincere gli altri a vederli come loro vedono se stessi&#8221;.[\/vc_column_text][\/vc_column][vc_column width=&#8221;1\/3&#8243;][\/vc_column][\/vc_row][vc_row bg_type=&#8221;image&#8221; parallax_style=&#8221;vcpb-default&#8221; bg_image_new=&#8221;id^1330|url^https:\/\/www.spatia.it\/ita\/wp-content\/uploads\/2021\/03\/head.png|caption^null|alt^null|title^head|description^null&#8221; bg_image_repeat=&#8221;no-repeat&#8221; css=&#8221;.vc_custom_1614718202514{margin-top: -50px !important;}&#8221;][vc_column][vc_row_inner content_placement=&#8221;middle&#8221;][vc_column_inner&hellip;\" \/>\n<meta property=\"og:url\" content=\"https:\/\/www.spatia.it\/ita\/vision\/\" \/>\n<meta property=\"og:site_name\" content=\"SPATIA\" \/>\n<meta property=\"article:modified_time\" content=\"2022-12-29T10:13:43+00:00\" \/>\n<meta name=\"twitter:card\" content=\"summary_large_image\" \/>\n<meta name=\"twitter:label1\" content=\"Tempo di lettura stimato\">\n\t<meta name=\"twitter:data1\" content=\"2 minuti\">\n<script type=\"application\/ld+json\" class=\"yoast-schema-graph\">{\"@context\":\"https:\/\/schema.org\",\"@graph\":[{\"@type\":\"Organization\",\"@id\":\"http:\/\/thondo.avlabs.it\/#organization\",\"name\":\"Iridio\",\"url\":\"http:\/\/thondo.avlabs.it\/\",\"sameAs\":[],\"logo\":{\"@type\":\"ImageObject\",\"@id\":\"http:\/\/thondo.avlabs.it\/#logo\",\"inLanguage\":\"it-IT\",\"url\":\"\",\"caption\":\"Iridio\"},\"image\":{\"@id\":\"http:\/\/thondo.avlabs.it\/#logo\"}},{\"@type\":\"WebSite\",\"@id\":\"http:\/\/thondo.avlabs.it\/#website\",\"url\":\"http:\/\/thondo.avlabs.it\/\",\"name\":\"SPATIA\",\"description\":\"Diamo forma al tuo spazio\",\"publisher\":{\"@id\":\"http:\/\/thondo.avlabs.it\/#organization\"},\"potentialAction\":[{\"@type\":\"SearchAction\",\"target\":\"http:\/\/thondo.avlabs.it\/?s={search_term_string}\",\"query-input\":\"required name=search_term_string\"}],\"inLanguage\":\"it-IT\"},{\"@type\":\"WebPage\",\"@id\":\"https:\/\/www.spatia.it\/ita\/vision\/#webpage\",\"url\":\"https:\/\/www.spatia.it\/ita\/vision\/\",\"name\":\"Vision - SPATIA\",\"isPartOf\":{\"@id\":\"http:\/\/thondo.avlabs.it\/#website\"},\"datePublished\":\"2020-07-03T06:22:32+00:00\",\"dateModified\":\"2022-12-29T10:13:43+00:00\",\"breadcrumb\":{\"@id\":\"https:\/\/www.spatia.it\/ita\/vision\/#breadcrumb\"},\"inLanguage\":\"it-IT\",\"potentialAction\":[{\"@type\":\"ReadAction\",\"target\":[\"https:\/\/www.spatia.it\/ita\/vision\/\"]}]},{\"@type\":\"BreadcrumbList\",\"@id\":\"https:\/\/www.spatia.it\/ita\/vision\/#breadcrumb\",\"itemListElement\":[{\"@type\":\"ListItem\",\"position\":1,\"item\":{\"@type\":\"WebPage\",\"@id\":\"https:\/\/www.spatia.it\/ita\/\",\"url\":\"https:\/\/www.spatia.it\/ita\/\",\"name\":\"Home\"}},{\"@type\":\"ListItem\",\"position\":2,\"item\":{\"@type\":\"WebPage\",\"@id\":\"https:\/\/www.spatia.it\/ita\/vision\/\",\"url\":\"https:\/\/www.spatia.it\/ita\/vision\/\",\"name\":\"Vision\"}}]}]}<\/script>\n<!-- \/ Yoast SEO plugin. -->","_links":{"self":[{"href":"https:\/\/www.spatia.it\/ita\/wp-json\/wp\/v2\/pages\/10"}],"collection":[{"href":"https:\/\/www.spatia.it\/ita\/wp-json\/wp\/v2\/pages"}],"about":[{"href":"https:\/\/www.spatia.it\/ita\/wp-json\/wp\/v2\/types\/page"}],"author":[{"embeddable":true,"href":"https:\/\/www.spatia.it\/ita\/wp-json\/wp\/v2\/users\/1"}],"replies":[{"embeddable":true,"href":"https:\/\/www.spatia.it\/ita\/wp-json\/wp\/v2\/comments?post=10"}],"version-history":[{"count":103,"href":"https:\/\/www.spatia.it\/ita\/wp-json\/wp\/v2\/pages\/10\/revisions"}],"predecessor-version":[{"id":2349,"href":"https:\/\/www.spatia.it\/ita\/wp-json\/wp\/v2\/pages\/10\/revisions\/2349"}],"wp:attachment":[{"href":"https:\/\/www.spatia.it\/ita\/wp-json\/wp\/v2\/media?parent=10"}],"curies":[{"name":"wp","href":"https:\/\/api.w.org\/{rel}","templated":true}]}}